+ 18. Let x be 3 + (-1 - 3 - j). Let u(w) = 5*w**2 + w. List the prime factors of u(x).
2, 3
Let q(a) = 3*a + 3. List the prime factors of q(15).
2, 3
Let o = 49 - -163. What are the prime factors of o?
2, 53
Let u(h) = -h**3 + 6*h**2 - 7*h. What are the prime factors of u(3)?
2, 3
Let g = 7 + -9. Let j(n) = 3*n**2 - 3*n - 1. List the prime factors of j(g).
17
Let g be 597/6*(1 + 1). Suppose g = 5*w - 171. Suppose -2*u = -4*z - u + w, 5*u = -5*z + 80. What are the prime factors of z?
2, 3
Let t(w) = 237*w**3 + w**2 - 3*w + 2. List the prime factors of t(1).
3, 79
Suppose 2*u = -u. Suppose -4*c - t + 47 = u, 4*c - 2*t - 25 - 13 = 0. Suppose -1 = -3*x + c. What are the prime factors of x?
2
Let b(k) be the second derivative of -k**5/20 + 7*k**4/12 - k**3/2 + 3*k**2/2 - 10*k. What are the prime factors of b(5)?
2, 19
Let r = -75 + 15. What are the prime factors of (-6)/3 - r/4?
13
Suppose 5*c + 10 = 3*c, 3*r + c - 94 = 0. Let l = 16 - r. Let m = l - -29. List the prime factors of m.
2, 3
Let j be (0 + -1 - -3)/1. Suppose -13 + j = -d. What are the prime factors of d?
11
Let w(v) = -v**2 - 2*v - 3. Let y(u) = -u**2 - 6*u - 7. Let k be y(-5). Let z be w(k). List the prime factors of (-10)/(-2) + (z - -3).
5
Let o(m) = m**3 - 6*m**2 + 6*m. Let g be o(5). Suppose -g*q = -2*q - 87. List the prime factors of q.
29
Let m = 11 - -40. List the prime factors of m.
3, 17
Let i(x) = -11*x + 21. List the prime factors of i(-6).
3, 29
Let l(s) = 3*s + 13. List the prime factors of l(-2).
7
List the prime factors of ((-27)/(-18))/((-6)/(-260)).
5, 13
Let b(k) = -5*k**2 - 16*k - 1. Let h = -3 - 0. Let y(t) = -2*t**2 - 8*t. Let p(a) = h*b(a) + 7*y(a). List the prime factors of p(8).
3
What are the prime factors of (10 - 6)*1 - -115?
7, 17
Suppose 6 = q + q. Suppose 4*f - 6 + 2 = -q*v, 8 = -f - 3*v. What are the prime factors of (15/f)/((-1)/(-4))?
3, 5
Suppose -4*q = -2*q + 38. Let h = -6 - q. What are the prime factors of h?
13
Suppose 4*b - m - 67 = 2*m, -5*m = -3*b + 64. Suppose -3*k = -4 + b. Let l = k - -14. What are the prime factors of l?
11
List the prime factors of ((-60)/(-25))/((-12)/(-160)).
2
Let x = -15 + 10. Let i = 1 + -2. Let o = i - x. What are the prime factors of o?
2
What are the prime factors of (-12)/((-215)/(-45) + -5)?
2, 3
Let k(g) = 4*g + 4. Let f be k(7). Suppose 3*x + 37 = 4*l, 2*x = -l - 2*l + f. What are the prime factors of l?
2, 5
Suppose 0 = 4*y - 19*y + 2235. What are the prime factors of y?
149
Let n be (4/(-5))/((-6)/30). Suppose -n*l = -5*m - 38, 2*l + 0*l = 2*m + 20. List the prime factors of l.
2, 3
Let t(d) be the first derivative of d**2/2 + 8*d - 3. What are the prime factors of t(10)?
2, 3
List the prime factors of (-1)/(-5) + 529/5.
2, 53
Let q(k) = -k**3 - 4*k**2 - 2*k - 2. Let c be q(-4). Let f = c - -6. What are the prime factors of f?
2, 3
Let k(n) = -4*n - 1. Let i be k(-2). Suppose z + i = -1. Let d(b) = -b**3 - 7*b**2 + 6*b - 11. List the prime factors of d(z).
5
Let v = -3 - -6. Suppose 4*m - 13 = v*m. List the prime factors of m.
13
Let h(q) = 2 + 2 - 11*q - 1. Let m be h(3). Let n = m + 44. What are the prime factors of n?
2, 7
Let s be 8 + (-1 + 3)/2. Let r = 20 - s. List the prime factors of r.
11
Suppose 3*w - 77 = -3*f + 253, 0 = 2*f. Suppose 0*a - i - w = -4*a, 0 = a + 2*i - 32. Suppose -r - 3*r = -a. What are the prime factors of r?
7
Suppose 660 = 6*f - 2*f. Suppose -2*d + f = 3*d. What are the prime factors of d?
3, 11
Let k = 6 + 90. List the prime factors of k.
2, 3
Let b = -436 - -763. List the prime factors of b.
3, 109
Let i = 5 - 6. List the prime factors of -34*((-3)/(-6) + i).
17
Let i = 27 - -25. List the prime factors of i.
2, 13
Let u(r) = -4*r + r + 3*r - 4*r - 7. List the prime factors of u(-5).
13
Suppose -5*s - 5*d = -820, -d - 636 = -s - 3*s. What are the prime factors of s?
2, 5
Let v be (4/(-10))/(2/(-10)). Let w = 4 - v. List the prime factors of w.
2
Let x be (-156)/(-27) + (-2)/(-9). Suppose l - 6 = -4*n + 4, -n = 2*l - x. What are the prime factors of ((-14)/l + 2)/(-1)?
5
Suppose 9*k - 2316 = -3*k. What are the prime factors of k?
193
Let c = 108 - 63. What are the prime factors of c?
3, 5
Suppose -2*i - 3*i - h + 333 = 0, 324 = 5*i - 2*h. Suppose i = 3*w + 18. List the prime factors of w.
2
Suppose -5*f + 12 = 2. Let d(j) = -2 - 3*j + 11 + f*j. List the prime factors of d(4).
5
Suppose -336 = -4*o - h, -2*o - h = -2*h - 174. Let j = -60 + o. List the prime factors of j.
5
Let d = 23 - 31. Let o = 17 + d. List the prime factors of o.
3
Let z(k) = k + 1. Let x be z(3). Suppose -5*n + 124 = -4*y, -34 - 74 = -x*n + y. What are the prime factors of n?
2, 7
Let b = 11 - 5. Suppose 0 = -9*f + b*f + 114. What are the prime factors of f?
2, 19
Let n(i) = -i**3 - 3*i**2 - i + 2. Suppose -2*p - 9 = p. List the prime factors of n(p).
5
Suppose 3*x = x. Suppose x = 4*i - 0*i - 112. List the prime factors of i.
2, 7
Let m(g) = 2 + 3*g - 8 - g. List the prime factors of m(14).
2, 11
Suppose 0 = -4*q + q. Let l = 9 - 16. Let d = q - l. List the prime factors of d.
7
Let y be 8/5 - (-22)/55. Suppose -2*n + 7*n + d - 86 = 0, 3*d - 37 = -y*n. What are the prime factors of n?
17
Let a be (-2)/14 + (-232)/(-56). Suppose -4*v = -3*n - 0*n - 15, -a*v + 4*n = -16. What are the prime factors of v?
3
Suppose -5*h + 2*h + 3 = 0. Suppose -4*t + 57 = h. Suppose 5*f - 31 - t = 0. List the prime factors of f.
3
Let m be 2/(-12) - 1400/(-48). Suppose 3 + m = n. What are the prime factors of n?
2
Suppose -t + 4*t = 15. Let m(k) = 2*k + 5. What are the prime factors of m(t)?
3, 5
Let z = -15 + 33. Let v = -14 + z. List the prime factors of v.
2
Let p = -6 - -10. Suppose 3*r - 3*g + 6 = 6*r, 20 = -p*g. What are the prime factors of r?
7
Suppose -3*r = -3*z + 318, -4*z + r + 409 = 2*r. What are the prime factors of z?
103
Suppose f + 636 = 7*f. List the prime factors of f.
2, 53
Suppose -v - 28 = -2*v. Suppose -3 = -3*b + 9. What are the prime factors of v/10*10/b?
7
Suppose 0 = -4*c + 7 + 9. Suppose 0 = -6*o + 3*o - 3*l + 123, -3*l = -2*o + 92. Suppose -o = -c*y - 5*j, 0 = y + y - 5*j - 29. What are the prime factors of y?
2, 3
Let i(l) = -7*l**2 - 4*l - 3. Let v(p) = -p**2 + p. Let d(a) = i(a) - 6*v(a). Suppose -f - 8 - 1 = 0. List the prime factors of d(f).
2, 3
Suppose 0 = 5*g - 14 - 1. Suppose -w - 3*z = 3 - 17, -2*z = -g*w + 31. List the prime factors of w.
11
Let t = 7 - 0. Suppose f + t = 22. List the prime factors of f.
3, 5
Suppose 5*g - 5*j = 0, -2*g - 4*j = j - 28. Suppose -l + 3*h - 24 = 0, -5*h + 41 = -g*l - 4*h. List the prime factors of -1 - (l + 1 + -2).
3
Let r(k) = k**3 - k**2 - 5*k - 3. Let w be r(4). Let v = 16 + w. List the prime factors of v.
41
Let m = 2 + -1. Suppose -3*s + 2*c - 34 = -8, -21 = 2*s - 5*c. What are the prime factors of -5 + 7 - s/m?
2, 5
Let r = 73 - 32. List the prime factors of r.
41
Suppose 2*l - 128 = -3*a + 3*l, -l + 216 = 5*a. What are the prime factors of a?
43
Let x be -7*((-10)/7)/5. Suppose 3*b - 6*b + 66 = -5*v, 3*b - x*v - 75 = 0. List the prime factors of b.
3
Suppose 0 = -2*m - x - 1, -3*m - 6 = 2*x - 2. What are the prime factors of m?
2
Suppose 2*o - o = 75. Let s = o - 47. Let j = -15 + s. What are the prime factors of j?
13
Suppose 5*d - 4*d = -1. Let y = d - -5. What are the prime factors of y?
2
Suppose 2*y + 0 = 6. Suppose -18 = -y*j + j. What are the prime factors of j?
3
Suppose 2*d = -j + 26, -5*d + 2*j + j = -54. What are the prime factors of d?
2, 3
Suppose 1725 = 274*y - 269*y. What are the prime factors of y?
3, 5, 23
Suppose 2*o - 629 = -4*b + 471, 0 = -3*b - 4*o + 830. What are the prime factors of b?
2, 137
Suppose 76 + 24 = 4*w. What are the prime factors of w?
5
Let r(t) = t + 19. What are the prime factors of r(-8)?
11
Suppose -2*z + 1 = c, 2*z + 3*c = 4*c + 3. Let y = 5 + z. List the prime factors of y.
2, 3
Let z(l) = 14*l**2 + 18*l + 29. Let v(a) = -5*a**2 - 6*a - 10. Let p(b) = 11*v(b) + 4*z(b). Let c be p(-4). List the prime factors of c/5 - 154/(-10).
3, 5
Let a(y) = -10*y + 1. Let i be a(-1). What are the prime factors of 2/(-11) - (-24)/i?
2
Suppose -1 = -w, 5*t - 129 - 129 = -3*w. List the prime factors of t.
3, 17
What are the prime factors of ((-5)/(10/(-32)) + -1)/1?
3, 5
Suppose 193*l - 196*l + 690 = 0. What are the prime